Suppose 4*n = -n + 250. List the prime factors of n.
2, 5
Let y be (-16)/(-6) + 4/12. Suppose -4*c + 48 = 4*w, y*w - 5*c - 6 = -2*c. List the prime factors of w.
7
Suppose -3*x + 3*m + 624 = 0, 5*x - 310 = -5*m + 720. What are the prime factors of x?
3, 23
Let y = 0 + 3. Suppose -y*d + 11 + 4 = 0. Suppose d*z = 3*z + 16. List the prime factors of z.
2
Suppose -3 + 0 = f. Let r be (f/6)/((-3)/12). Suppose -r*m - d + 40 = -3*d, -m = 3*d. List the prime factors of m.
3, 5
Suppose y + 1 - 20 = 0. List the prime factors of y.
19
Let z(p) = p**2 + 6*p - 10. Let v(x) = -16*x - 28. Let j(b) = -5*b - 9. Let f(s) = -7*j(s) + 2*v(s). Let r be f(-5). List the prime factors of z(r).
2, 3
Suppose 4 + 0 = n. List the prime factors of ((-30)/n)/((-12)/40).
5
Suppose -x = -3 + 70. Let i = 97 + x. List the prime factors of i.
2, 3, 5
Suppose 2*r + 4 = 3*x, 2*x + 1 + 0 = 5*r. List the prime factors of (6*r)/(3/2).
2
Suppose 0 = 2*u - 3*n - 162, -80 = -2*u + 5*n + 86. What are the prime factors of u?
2, 3, 13
List the prime factors of (-158 - 3/1)/(-1).
7, 23
Suppose 6*h - 2*h - 35 = -r, -26 = -r + 5*h. What are the prime factors of r?
31
Let r(n) = -n**2 + 19*n + 9. What are the prime factors of r(17)?
43
Let j be (6/(-4))/((-4)/8). Let g(c) = -3 + 0 + j - 2 + 3*c. What are the prime factors of g(3)?
7
Suppose 3*a - a - 10 = 0. What are the prime factors of (-78)/(-4)*(-3 + a)?
3, 13
Let o be -4 + 7 - 4/(-1). Let r(d) = d**3 - 7*d**2 + 5*d - 1. List the prime factors of r(o).
2, 17
Suppose -3*u + 8*u = 110. What are the prime factors of u?
2, 11
Let c = 39 - -6. List the prime factors of c.
3, 5
Suppose 5*v - 2*v = 21. Let p = -8 + v. List the prime factors of (-4 - -1)*(p + 0).
3
Let y(r) = -r - 37. Let c be (1 - 1)/(0 + -2). Let a be y(c). Let b = a - -52. What are the prime factors of b?
3, 5
Let t(b) be the second derivative of -b**3/6 + 9*b**2/2 + 2*b. List the prime factors of t(0).
3
Let k be 2/7 + (-18)/14. Let p be (k/(-2))/(1/2). Suppose p - 41 = -5*z. What are the prime factors of z?
2
Let o(z) = -4*z + 2. Let u(q) = -q**2 + 4*q - 2. Suppose -c + 17 = 3*g + 4, -c = -5*g + 19. Let v be u(g). What are the prime factors of o(v)?
2, 5
Suppose 0 = -3*k + 6*k - 15. List the prime factors of k.
5
Let l be (1*-1)/(3/(-417)). Suppose 5*z = l - 39. Suppose 0 = t + 4*t - z. List the prime factors of t.
2
Suppose -c = 3*c - 144. List the prime factors of c.
2, 3
Suppose 2*t - 5*y = 6, -t = 2*t - 2*y - 20. Let l = -3 + 2. Let z = t + l. List the prime factors of z.
7
Let v be (-82)/6 - 2/(-3). Let d(i) = i**3 + 12*i**2 - 15*i - 12. What are the prime factors of d(v)?
2, 7
Suppose -3*p - j = -7 - 0, 3*p - j - 5 = 0. Suppose 3*f - 70 = -p*f. List the prime factors of f.
2, 7
Let u(g) = g**3 - 7*g**2 - 2*g - 19. What are the prime factors of u(8)?
29
Let l be (-3)/4 - (-265)/(-20). Let i = l - -23. List the prime factors of i.
3
Let l(u) = u**3 - 4*u**2 + 4*u - 2. Let q be l(4). Suppose -q = -5*y + 91. What are the prime factors of y?
3, 7
Suppose 8 = -5*j - 62. Let p = -8 - j. What are the prime factors of p?
2, 3
Suppose 0 = -5*b - 0*b + 510. What are the prime factors of b?
2, 3, 17
Let j be (4/(-2))/(1/(-2)). Suppose -5*k + 76 = 2*m, -8*k - 2*m + 62 = -j*k. List the prime factors of k.
2, 7
Suppose -g = 2*u - 31, -112 = -7*g + 3*g + 4*u. List the prime factors of g.
29
Suppose -i + 3 = 1. Suppose 2*u - i*s + 2 = -0*u, 18 = 2*u + 3*s. Suppose 0 = g - u. List the prime factors of g.
3
Let u be -1 + 7 - (-12)/4. Suppose u = -2*g + 39. List the prime factors of g.
3, 5
Let s(r) = r + 3. Let c be 3/2 - (-3)/2. What are the prime factors of s(c)?
2, 3
Let a(g) = -8*g**2 + 28*g - 28. Let s(z) = 2*z**2 - 7*z + 7. Let b(y) = 2*a(y) + 9*s(y). Let o be b(5). Suppose 2*q + 0*q = o. What are the prime factors of q?
11
What are the prime factors of (-4 - -3)*(-21 - -1)?
2, 5
Let d(p) = -p**2 + 5*p + 6. Let l(v) = v. Let j be l(2). Let u be 3/(j/(-5) - -1). List the prime factors of d(u).
2, 3
Suppose -5*y - 7 = -j - 2, 0 = 5*j - 3*y - 25. Suppose j*p = 0, -2*s - 2*p - 11 = -29. List the prime factors of s.
3
Let g be (1 - 3 - -3)*4. Suppose 0*x = -g*x + 32. What are the prime factors of x?
2
List the prime factors of 103 + (-3 - -2) + -4.
2, 7
Suppose 59 = 5*t - 1696. List the prime factors of t.
3, 13
Let g(q) = 10*q. Let b be g(1). Let p(l) = l**2 - 10*l + 12. List the prime factors of p(b).
2, 3
List the prime factors of (-6)/(-2)*(-118)/(-6)*1.
59
Suppose -59 = -5*g - 19. What are the prime factors of g?
2
Let t = -33 - -25. Let l(f) = 3*f**2 + 19*f + 3. List the prime factors of l(t).
43
Let y(w) = -10*w**2 - 2*w + 1. Suppose 4 = -4*b + 8*b. Let g be y(b). Let o = g + 20. List the prime factors of o.
3
Let m(l) = l**3 - 5*l**2 - 3*l + 9. Let y be m(6). Suppose -19 = b - 2*f, 3*b + 84 - y = f. Let k = -3 - b. What are the prime factors of k?
2
Let f = -8 - -17. Let k = f - 6. List the prime factors of k.
3
Let b(w) be the third derivative of -5*w**4/6 + w**3/2 + w**2. Let r(v) = v - 1. Let h(l) = b(l) + 4*r(l). What are the prime factors of h(-1)?
3, 5
Suppose -5*a + 5*c - 20 = 0, 2*a + 2*a = c - 1. Let n = a - -2. Suppose -n*y + 24 = -21. What are the prime factors of y?
3, 5
Let l(k) = 2*k**3 - 6*k**2 - 7*k + 9. What are the prime factors of l(5)?
2, 37
Let x(h) = -h**3 - 3*h**2 - 4*h - 2. Let d be x(-2). Suppose -d*j = -5*j + 12. Suppose 5*f = -4*t + 121, 0 = -3*f - j*t - 0*t + 79. List the prime factors of f.
3, 7
Let c be 129/12 + 2/8. Suppose 4*k = 5*v - c, -v + 4 = 2*k - k. What are the prime factors of v?
3
Let p = -25 + 15. Let v = 35 + p. What are the prime factors of v?
5
Suppose m + 2*m = 0. Let j = m - -3. Suppose -3*x + 2*r + 5 = j*r, 5*x + 3*r = 7. List the prime factors of x.
2
Let y(w) = -w**3 + w**2 - 1. Suppose 4 = -m - 3*p, -5 + 3 = m + p. Let i be y(m). List the prime factors of i/5 - 128/(-10).
13
Let k(d) = 3*d. Suppose -5*z = -4*v - 2*z - 2, -5*z + 7 = -3*v. Let o be k(v). Suppose o + 3 = 3*n. What are the prime factors of n?
2
List the prime factors of (250/(-20))/((-2)/8).
2, 5
Let l(v) = 7*v + 16. List the prime factors of l(9).
79
Suppose 6*p - 9 = 3. Suppose -p*o + 6*o = 2*q + 66, 51 = 4*o - 5*q. List the prime factors of o.
19
Suppose 0 = -4*m + 24 + 12. Let a be 6/m + (-7)/(-3). Let g = a + 0. What are the prime factors of g?
3
What are the prime factors of -1 + 2 + 292*(-4)/(-16)?
2, 37
Suppose l = 7*l - 234. What are the prime factors of l?
3, 13
Suppose 11*c + 27 = 82. What are the prime factors of c?
5
Let p = 22 - 33. Let b = p - -30. What are the prime factors of b?
19
Let t(r) = -r**2 + 8*r - 5. Let i be t(6). Suppose 4*l + 36 = i*l. What are the prime factors of l?
2, 3
What are the prime factors of (-3)/(-9) + (-10)/(-6)?
2
Let y = 43 + -24. What are the prime factors of y?
19
Let i be 52/14 + (-4)/(-14). Suppose -5*g - i = 2*l - 44, 3*l + 25 = g. List the prime factors of g.
2, 5
List the prime factors of 1185/21 - (-12)/21.
3, 19
Let u be (2/2)/4*268. Suppose 2*n - 4*o - 46 = 0, 5*o = -5*n + 3*o + u. What are the prime factors of n?
3, 5
Let l be (-1)/(-2 + (-21)/(-12)). Suppose 2 + l = 3*p. List the prime factors of p.
2
Let t = -45 + 120. List the prime factors of t.
3, 5
Let k(n) = -n**3 + 7*n**2 - 5. List the prime factors of k(6).
31
Suppose -2*g = -55 - 1. List the prime factors of g.
2, 7
Let q(x) = 32*x**3 + 6*x**2 - 2*x - 3. What are the prime factors of q(2)?
3, 7, 13
Let y(g) = 33*g - 73. List the prime factors of y(5).
2, 23
Let c(s) = -s**3 + 7*s**2 + 2*s - 10. Let q be c(7). Suppose -4*t - 5 - 3 = 0. What are the prime factors of (q + t)/(2/3)?
3
Let g = 11 + 74. What are the prime factors of g?
5, 17
Let m be 35/5*24/14. Suppose c = 4*c - m. Suppose -26 = -p - c*v, p + 0*p - 27 = -5*v. What are the prime factors of p?
2, 11
Let j(a) = 29*a + 1. Let b be j(1). Suppose -m - b = 4*m. List the prime factors of -6*(10/m - -1).
2
Suppose -3*f + 24 = -54. List the prime factors of f.
2, 13
Let c(r) = -r**2 - 8*r + 2. Let d be c(-5). List the prime factors of 4/(-4) + -2 + d.
2, 7
Suppose 0*o + 504 = 3*j + 2*o, 3*j + 5*o - 513 = 0. List the prime factors of j.
2, 83
Let s(i) = -16*i - 5. What are the prime factors of s(-2)?
3
Let r(x) = 4*x**2 + 4*x + 3. Let w(u) = -u**2 + 4*u + 3. Let t be w(5). What are the prime fact